{"id":975,"date":"2015-05-29T17:08:10","date_gmt":"2015-05-29T15:08:10","guid":{"rendered":"http:\/\/teamtex.it\/cms\/?page_id=975"},"modified":"2015-06-05T12:42:34","modified_gmt":"2015-06-05T10:42:34","slug":"cookie","status":"publish","type":"page","link":"https:\/\/teamtex.it\/cms\/cookie\/","title":{"rendered":"Cookie"},"content":{"rendered":"<p>[vc_row][vc_column width=&#8221;1\/1&#8243;][vc_column_text]<\/p>\n<p>Al fine di rendere i propri servizi il pi\u00f9 possibile efficienti e semplici da utilizzare questo Sito fa uso di cookies. Pertanto, quando si visita il Sito, viene inserita una quantit\u00e0 minima di informazioni nel dispositivo dell&#8217;Utente, come piccoli file di testo chiamati &#8220;cookie&#8221;, che vengono salvati nella directory del browser Web dell&#8217;Utente. Esistono diversi tipi di cookie, ma sostanzialmente lo scopo principale di un cookie \u00e8 quello di far funzionare pi\u00f9 efficacemente il Sito e di abilitarne determinate funzionalit\u00e0.<\/p>\n<p>I cookie sono utilizzati per migliorare la navigazione globale dell&#8217;Utente. In particolare:<\/p>\n<ul>\n<li>Consentono di navigare in modo efficiente da una pagina all&#8217;altra del sito Web.<\/li>\n<li>Memorizzano il nome utente e le preferenze inserite.<\/li>\n<li>Consentono di evitare di inserire le stesse informazioni (come nome utente e password) pi\u00f9 volte durante la visita.<\/li>\n<li>Misurano l&#8217;utilizzo dei servizi da parte degli Utenti, per ottimizzare l&#8217;esperienza di navigazione e i servizi stessi.<\/li>\n<li>Presentano informazioni pubblicitarie mirate in funzione degli interessi e del comportamento manifestato dall&#8217;Utente durante la navigazione.<\/li>\n<\/ul>\n<p>&nbsp;<\/p>\n<p><b>Come posso evitare la memorizzazione di cookie sul mio computer?<\/b><\/p>\n<p>\u00c8 necessario impostare le preferenze per i cookie su ogni browser (Internet Explorer, Google Chrome, Mozilla Firefox o Safari). Esistono diversi modi per gestire i cookie, ad esempio: abilitare o disabilitare completamente i cookie; eliminare cookie specifici che sono gi\u00e0 stati memorizzati all\u2019interno del browser; bloccare la memorizzazione di cookie sul vostro computer da parte di siti Web specifici; oppure bloccare i cookie di terze parti (quando, mentre navigate su un sito Web, i cookie sono memorizzati sul vostro computer da un altro sito Web).<\/p>\n<p>&nbsp;<\/p>\n<p><b>Come posso rimuovere\/gestire i cookie sul mio computer? <\/b><\/p>\n<p>Nel caso in cui Lei abbia dubbi o preoccupazioni in merito all&#8217;utilizzo dei cookie Le \u00e8 sempre possibile intervenire per impedirne l&#8217;impostazione e la lettura, ad esempio modificando le impostazioni sulla privacy all&#8217;interno del Suo browser al fine di bloccarne determinati tipi o utilizzando il tool che Le mettiamo a disposizione in questa Informativa.<\/p>\n<p>Per rimuovere i cookie sul proprio pc vi invitiamo a consultare questi siti web:<\/p>\n<ul>\n<li><a title=\"Your Online Choices\" href=\"http:\/\/www.youronlinechoices.com\/\" target=\"blank\">Your Online Choices<\/a><\/li>\n<li><a title=\"www.cookiepedia.co.uk\" href=\"http:\/\/cookiepedia.co.uk\/how-to-manage-cookies\" target=\"blank\">www.cookiepedia.co.uk <\/a><\/li>\n<\/ul>\n<p>&nbsp;<\/p>\n<p><b>Per la gestione dei cookie sui principali browser, visitate i seguenti link:<\/b><\/p>\n<ul>\n<li><a title=\"Internet Explorer\" href=\"http:\/\/windows.microsoft.com\/it-IT\/windows7\/How-to-manage-cookies-in-Internet-Explorer-9\" target=\"blank\">Internet Explorer<\/a><\/li>\n<li><a title=\"Google Chrome\" href=\"https:\/\/support.google.com\/chrome\/answer\/95647?hl=it&amp;p=cpn_cookies\" target=\"blank\">Google Chrome<\/a><\/li>\n<li><a title=\"Firefox\" href=\"https:\/\/support.mozilla.org\/it\/kb\/Gestione%20dei%20cookie?redirectlocale=en-US&amp;redirectslug=Cookies\" target=\"blank\">Firefox<\/a><\/li>\n<li><a title=\"Safari\" href=\"http:\/\/www.apple.com\/support\/?path=Safari\/3.0\/en\/9277.html\" target=\"blank\">Safari<\/a><\/li>\n<\/ul>\n<p>&nbsp;<\/p>\n<p><b>Titolare del trattamento dei dati<\/b><\/p>\n<p><em>Beta Elettronica srl &#8211; Via Rossaro, 26 24047 Treviglio (BG)<\/em><\/p>\n<p>Dal momento che l&#8217;installazione di Cookie e di altri sistemi di tracciamento operata da terze parti tramite i servizi utilizzati all&#8217;interno di questo spazio online non pu\u00f2 essere tecnicamente controllata dal Titolare, ogni riferimento specifico a Cookie e sistemi di tracciamento installati da terze parti \u00e8 da considerarsi indicativo. Per ottenere informazioni complete, consulta la privacy policy degli eventuali servizi terzi elencati in questo documento.<\/p>\n<p>Vista l&#8217;oggettiva complessit\u00e0 legata all&#8217;identificazione delle tecnologie basate sui Cookie ed alla loro integrazione molto stretta con il funzionamento del web, l&#8217;Utente \u00e8 invitato a contattare il Titolare qualora volesse ricevere qualunque approfondimento relativo all&#8217;utilizzo dei Cookie stessi e ad eventuali utilizzi degli stessi \u2013 ad esempio ad opera di terzi \u2013 effettuati tramite questo sito.<\/p>\n<p>Il presente documento si riferisce a tutti gli spazi online (siti, piattaforme, strumenti internet, etc) di propriet\u00e0 del Titolare. Per ottenere ulteriori informazioni in merito agli strumenti relativi ad uno specifico spazio, l\u2019Utente \u00e8 pregato di contattare il Titolare ai riferimenti forniti nel presente documento.<\/p>\n<p>&nbsp;<\/p>\n<p><b>Tipologie di cookie<\/b><\/p>\n<p>Esistono vari tipi di cookie. Qui di seguito sono riportati i tipi cookie che possono essere utilizzati nel Sito con una descrizione della finalit\u00e0 legata all&#8217;uso.<\/p>\n<p>Attenzione! L&#8217;elenco potrebbe non essere completo a causa di modifiche ai servizi di terze parti. Fare riferimento alle relative Privacy Policy per maggiori dettagli.<\/p>\n<p>&nbsp;<\/p>\n<p><b>Cookie tecnici<\/b><\/p>\n<p>I cookie di questo tipo sono necessari per il corretto funzionamento di alcune aree del sito. I cookie di questa categoria comprendono sia cookie persistenti che cookie di sessione. In assenza di tali cookie, il sito o alcune porzioni di esso potrebbero non funzionare correttamente. Pertanto, vengono sempre utilizzati, indipendentemente dalle preferenze dall&#8217;utente. I cookie di questa categoria vengono sempre inviati dal nostro dominio.<\/p>\n<p>&nbsp;<\/p>\n<p><b>Cookie analitici<\/b><\/p>\n<p>I cookie di questo tipo vengono utilizzati per raccogliere informazioni sull&#8217;utilizzo del sito. Il Titolare usa tali informazioni per analisi statistiche, per migliorare il sito e semplificarne l&#8217;utilizzo, oltre che per monitorarne il corretto funzionamento. Questo tipo di cookie raccoglie informazioni in FORMA ANONIMA sull&#8217;attivit\u00e0 degli utenti nel sito e sul modo in cui sono arrivati al Sito e alle pagine visitate. I cookie di questa categoria vengono inviati dal Sito stesso o da domini di terze parti.<\/p>\n<p>&nbsp;<\/p>\n<p><em>Di seguito una lista dei servizi di terze parti attivati su questo sito<\/em><\/p>\n<p>&nbsp;<\/p>\n<ul>\n<li><b>Google Analytics (Google Inc.) con IP anonimizzato<\/b>\u00c8 utilizzato per il conteggio delle visite sul nostro sito web e per statistiche sull&#8217;utilizzo dello stesso. Serve per migliorare il servizio offerto.<b>In questo Google Analytics \u00e8 stato impostato per <b>anonimizzare gli IP<\/b>, quindi potremo vedere <b>solo informazioni aggregate<\/b> e non specifiche del tuo caso.<\/b><a href=\"http:\/\/www.google.com\/intl\/en\/policies\/privacy\/\" target=\"_blank\">Privacy Policy <\/a>&#8211; <a href=\"http:\/\/tools.google.com\/dlpage\/gaoptout?hl=it\" target=\"_blank\">Opt Out<\/a><\/li>\n<\/ul>\n<p>&nbsp;<\/p>\n<p><b>Cookie di profilazione di prima parte<\/b><\/p>\n<p>Questi cookie sono utilizzati per tracciare un profilo relativo al cliente e personalizzare la visualizzazione del sito e comunicazioni collegate per renderle pi\u00f9 adatte all&#8217;utente stesso.<\/p>\n<p><em>Questo sito non utilizza cookie di profilazione di prima parte<\/em><\/p>\n<p>&nbsp;<\/p>\n<p><b>Cookie per l&#8217;integrazione di funzionalit\u00e0 di terze parti<\/b><\/p>\n<p>I cookie di questo tipo vengono utilizzati per integrare funzionalit\u00e0 di terze parti nel Sito (ad esempio, moduli per i commenti o icone di social network che consentono ai visitatori di condividere il contenuto del sito). I cookie di questa categoria possono essere inviati dai domini dei siti partner o che comunque offrono le funzionalit\u00e0 presenti nel sito.<\/p>\n<p>Il Titolare informa che non accettando l&#8217;installazione di questi cookie alcune funzionalit\u00e0 di questo sito potrebbero non funzionare correttamente. Il Titolare ricorda all&#8217;Utente che \u00e8 possibile modificare le preferenze relative ai cookie in qualsiasi momento. \u00c8 anche possibile disabilitare in qualsiasi momento i cookie dal browser , ma questa operazione potrebbe impedire all&#8217;Utente di utilizzare alcune parti del Sito.<\/p>\n<p>Attenzione! Una volta installati i cookie di terze parti il Titolare non pu\u00f2 in alcun modo cancellarli direttamente. \u00c8 necessario accedere alla pagina telativa all&#8217;informativa sulla privacy di ogni sito di terze parti per rimuovere i relativi cookie. Queste informative sulla privacy possono essere diverse da quella adottata dal Titolare, che quindi non risponde per Siti di terze parti.<\/p>\n<p>Ai sensi dell&#8217;art. 122 secondo comma del D.lgs. 196\/2003 il consenso all&#8217;utilizzo di tali cookie \u00e8 espresso dall&#8217;interessato mediante il settaggio individuale che ha scelto liberamente per il browser utilizzato per la navigazione nel sito, ferma restando la facolt\u00e0 dell&#8217;utente di comunicare in ogni momento al Titolare del trattamento la propria volont\u00e0 in merito ad dati gestiti per il tramite dei cookie che il browser stesso abbia accettato.<\/p>\n<p>&nbsp;<\/p>\n<p><em>Questo sito non utilizza cookie per l&#8217;integrazione di funzionalit\u00e0 di terze parti<\/em><\/p>\n<p>&nbsp;<\/p>\n<p>[\/vc_column_text][\/vc_column][\/vc_row]<\/p>\n","protected":false},"excerpt":{"rendered":"<p>[vc_row][vc_column width=&#8221;1\/1&#8243;][vc_column_text] Al fine di rendere i propri servizi il pi\u00f9 possibile efficienti e semplici da utilizzare questo Sito fa uso di cookies. Pertanto, quando si visita il Sito, viene<\/p>\n","protected":false},"author":10,"featured_media":0,"parent":0,"menu_order":0,"comment_status":"closed","ping_status":"open","template":"","meta":{"footnotes":""},"class_list":["post-975","page","type-page","status-publish","hentry"],"yoast_head":"<!-- This site is optimized with the Yoast SEO plugin v25.9 - https:\/\/yoast.com\/wordpress\/plugins\/seo\/ -->\n<title>Cookie - TEAM TEX<\/title>\n<meta name=\"robots\" content=\"index, follow, max-snippet:-1, max-image-preview:large, max-video-preview:-1\" \/>\n<link rel=\"canonical\" href=\"https:\/\/teamtex.it\/cms\/cookie\/\" \/>\n<meta property=\"og:locale\" content=\"it_IT\" \/>\n<meta property=\"og:type\" content=\"article\" \/>\n<meta property=\"og:title\" content=\"Cookie - TEAM TEX\" \/>\n<meta property=\"og:description\" content=\"[vc_row][vc_column width=&#8221;1\/1&#8243;][vc_column_text] Al fine di rendere i propri servizi il pi\u00f9 possibile efficienti e semplici da utilizzare questo Sito fa uso di cookies. Pertanto, quando si visita il Sito, viene\" \/>\n<meta property=\"og:url\" content=\"https:\/\/teamtex.it\/cms\/cookie\/\" \/>\n<meta property=\"og:site_name\" content=\"TEAM TEX\" \/>\n<meta property=\"article:publisher\" content=\"https:\/\/www.facebook.com\/teamTEX.ASD\/\" \/>\n<meta property=\"article:modified_time\" content=\"2015-06-05T10:42:34+00:00\" \/>\n<meta name=\"twitter:label1\" content=\"Tempo di lettura stimato\" \/>\n\t<meta name=\"twitter:data1\" content=\"6 minuti\" \/>\n<script type=\"application\/ld+json\" class=\"yoast-schema-graph\">{\"@context\":\"https:\/\/schema.org\",\"@graph\":[{\"@type\":\"WebPage\",\"@id\":\"https:\/\/teamtex.it\/cms\/cookie\/\",\"url\":\"https:\/\/teamtex.it\/cms\/cookie\/\",\"name\":\"Cookie - TEAM TEX\",\"isPartOf\":{\"@id\":\"https:\/\/teamtex.it\/cms\/#website\"},\"datePublished\":\"2015-05-29T15:08:10+00:00\",\"dateModified\":\"2015-06-05T10:42:34+00:00\",\"breadcrumb\":{\"@id\":\"https:\/\/teamtex.it\/cms\/cookie\/#breadcrumb\"},\"inLanguage\":\"it-IT\",\"potentialAction\":[{\"@type\":\"ReadAction\",\"target\":[\"https:\/\/teamtex.it\/cms\/cookie\/\"]}]},{\"@type\":\"BreadcrumbList\",\"@id\":\"https:\/\/teamtex.it\/cms\/cookie\/#breadcrumb\",\"itemListElement\":[{\"@type\":\"ListItem\",\"position\":1,\"name\":\"Home\",\"item\":\"https:\/\/teamtex.it\/cms\/\"},{\"@type\":\"ListItem\",\"position\":2,\"name\":\"Cookie\"}]},{\"@type\":\"WebSite\",\"@id\":\"https:\/\/teamtex.it\/cms\/#website\",\"url\":\"https:\/\/teamtex.it\/cms\/\",\"name\":\"TEAM TEX\",\"description\":\"A.S.D. TEAM TEX\",\"potentialAction\":[{\"@type\":\"SearchAction\",\"target\":{\"@type\":\"EntryPoint\",\"urlTemplate\":\"https:\/\/teamtex.it\/cms\/?s={search_term_string}\"},\"query-input\":{\"@type\":\"PropertyValueSpecification\",\"valueRequired\":true,\"valueName\":\"search_term_string\"}}],\"inLanguage\":\"it-IT\"}]}<\/script>\n<!-- \/ Yoast SEO plugin. -->","yoast_head_json":{"title":"Cookie - TEAM TEX","robots":{"index":"index","follow":"follow","max-snippet":"max-snippet:-1","max-image-preview":"max-image-preview:large","max-video-preview":"max-video-preview:-1"},"canonical":"https:\/\/teamtex.it\/cms\/cookie\/","og_locale":"it_IT","og_type":"article","og_title":"Cookie - TEAM TEX","og_description":"[vc_row][vc_column width=&#8221;1\/1&#8243;][vc_column_text] Al fine di rendere i propri servizi il pi\u00f9 possibile efficienti e semplici da utilizzare questo Sito fa uso di cookies. Pertanto, quando si visita il Sito, viene","og_url":"https:\/\/teamtex.it\/cms\/cookie\/","og_site_name":"TEAM TEX","article_publisher":"https:\/\/www.facebook.com\/teamTEX.ASD\/","article_modified_time":"2015-06-05T10:42:34+00:00","twitter_misc":{"Tempo di lettura stimato":"6 minuti"},"schema":{"@context":"https:\/\/schema.org","@graph":[{"@type":"WebPage","@id":"https:\/\/teamtex.it\/cms\/cookie\/","url":"https:\/\/teamtex.it\/cms\/cookie\/","name":"Cookie - TEAM TEX","isPartOf":{"@id":"https:\/\/teamtex.it\/cms\/#website"},"datePublished":"2015-05-29T15:08:10+00:00","dateModified":"2015-06-05T10:42:34+00:00","breadcrumb":{"@id":"https:\/\/teamtex.it\/cms\/cookie\/#breadcrumb"},"inLanguage":"it-IT","potentialAction":[{"@type":"ReadAction","target":["https:\/\/teamtex.it\/cms\/cookie\/"]}]},{"@type":"BreadcrumbList","@id":"https:\/\/teamtex.it\/cms\/cookie\/#breadcrumb","itemListElement":[{"@type":"ListItem","position":1,"name":"Home","item":"https:\/\/teamtex.it\/cms\/"},{"@type":"ListItem","position":2,"name":"Cookie"}]},{"@type":"WebSite","@id":"https:\/\/teamtex.it\/cms\/#website","url":"https:\/\/teamtex.it\/cms\/","name":"TEAM TEX","description":"A.S.D. TEAM TEX","potentialAction":[{"@type":"SearchAction","target":{"@type":"EntryPoint","urlTemplate":"https:\/\/teamtex.it\/cms\/?s={search_term_string}"},"query-input":{"@type":"PropertyValueSpecification","valueRequired":true,"valueName":"search_term_string"}}],"inLanguage":"it-IT"}]}},"_links":{"self":[{"href":"https:\/\/teamtex.it\/cms\/wp-json\/wp\/v2\/pages\/975","targetHints":{"allow":["GET"]}}],"collection":[{"href":"https:\/\/teamtex.it\/cms\/wp-json\/wp\/v2\/pages"}],"about":[{"href":"https:\/\/teamtex.it\/cms\/wp-json\/wp\/v2\/types\/page"}],"author":[{"embeddable":true,"href":"https:\/\/teamtex.it\/cms\/wp-json\/wp\/v2\/users\/10"}],"replies":[{"embeddable":true,"href":"https:\/\/teamtex.it\/cms\/wp-json\/wp\/v2\/comments?post=975"}],"version-history":[{"count":0,"href":"https:\/\/teamtex.it\/cms\/wp-json\/wp\/v2\/pages\/975\/revisions"}],"wp:attachment":[{"href":"https:\/\/teamtex.it\/cms\/wp-json\/wp\/v2\/media?parent=975"}],"curies":[{"name":"wp","href":"https:\/\/api.w.org\/{rel}","templated":true}]}}