{"id":20,"date":"2013-07-29T16:23:50","date_gmt":"2013-07-29T14:23:50","guid":{"rendered":"http:\/\/teamtex.it\/cms\/?page_id=20"},"modified":"2021-01-23T11:43:15","modified_gmt":"2021-01-23T10:43:15","slug":"chi-siamo","status":"publish","type":"page","link":"https:\/\/teamtex.it\/cms\/chi-siamo\/","title":{"rendered":"Chi siamo"},"content":{"rendered":"<p><a href=\"https:\/\/teamtex.it\/cms\/wp-content\/uploads\/2020\/05\/TeamTEX_01ALTO_2020-05.jpg\"><img loading=\"lazy\" decoding=\"async\" class=\"alignnone size-full wp-image-2422\" src=\"https:\/\/teamtex.it\/cms\/wp-content\/uploads\/2020\/05\/TeamTEX_01ALTO_2020-05.jpg\" alt=\"\" width=\"1000\" height=\"701\" srcset=\"https:\/\/teamtex.it\/cms\/wp-content\/uploads\/2020\/05\/TeamTEX_01ALTO_2020-05.jpg 1000w, https:\/\/teamtex.it\/cms\/wp-content\/uploads\/2020\/05\/TeamTEX_01ALTO_2020-05-300x210.jpg 300w, https:\/\/teamtex.it\/cms\/wp-content\/uploads\/2020\/05\/TeamTEX_01ALTO_2020-05-768x538.jpg 768w\" sizes=\"auto, (max-width: 1000px) 100vw, 1000px\" \/><\/a><\/p>\n<p>Il <strong>Team Tex<\/strong> nasce semplicemente da un\u2019idea che scaturisce dalla grande passione per il ciclismo che ha sempre accompagnato la vita di Valerio Tebaldi fin dalla pi\u00f9 giovane et\u00e0. La squadra nasce nel Marzo 2006, ed \u00e8 subito affiliata alla Federazione per avere una base solida su cui costruire in un possibile futuro qualcosa di pi\u00f9 importante.<\/p>\n<p>Perch\u00e9 il nome \u201cTex\u201d ?<\/p>\n<p>Come si pu\u00f2 facilmente intuire non \u00e8 altro che il \u201cnome da battaglia\u201d del proprio presidente: il primo che gli attribu\u00ec spontaneamente questo soprannome fu Gianluigi Stanga, ai tempi d.s. della Chateau d&#8217;Ax, il giorno dopo la fantastica vittoria della settima tappa del Tour de France del 1988 che partiva da Wasquehal con l\u2019arrivo a Reims. Nomignolo dapprima usato dal massaggiatore sulle divise, comodo per la sua brevit\u00e0, e immediatamente diffuso grazie ai giornalisti e la stampa. Da quei giorni Valerio \u00e8 conosciuto a tutti anche come \u201cTex\u201d.<\/p>\n<p>L&#8217;ASD Team Tex nel corso degli anni, da piccolo gruppo di appassionati di ciclismo, si \u00e8 consolidato in un vero e proprio team di cicloamatori, con atleti che partecipano alle manifestazioni ciclistiche di rilievo nazionale ed internazionali, quali le Gran Fondo in bici da corsa come la &#8220;Felice Gimondi&#8221;, &#8220;La Nove Colli&#8221; o &#8220;La Charly Gaul&#8221;, ma anche in &#8220;Mountain-Bike&#8221; partecipando alla \u201cHERO SELLARONDA\u201d e alla\u00a0\u201cGran Fondo Dolomiti Superbike\u201d.<\/p>\n<p>Nel 2019\u00a0 i nostri \u201cultracycler\u201d\u00a0<i class=\"last-child first-child\">Pellegrino Michele e Cattaneo Oliviero<\/i>, hanno pedalato il 17\/2 a Bergamo alla \u201cCoglia Coglia Coglia\u201d\u00a0per 200 km, poi a\u00a0Verona il 14\/04 nella 400 km \u201cValsugana\u201d\u00a0e il\u00a026\/04 nella 600 Km \u201cDolimiti\u201d ottenendo il brevetto per il grande appuntamento stagionale di agosto dal 18 al 22\u00a0la\u00a0 regina delle manifestazioni RANDONEE, la mitica\u00a0Parigi-Brest-Parigi\u00a0per un totale di\u00a01200 Km.<\/p>\n<p>L&#8217;ASD Team TEX da anni \u00e8 attiva non solo dal lato agonistico, ma anche dal lato organizzativo, collaborando con gli Amici del pedale Polisportiva Predore, la Polisportiva Bolgare e la Polisportiva Telgate, per le manifestazioni ciclistiche da loro organizzate sul territorio.<\/p>\n","protected":false},"excerpt":{"rendered":"<p>Il Team Tex nasce semplicemente da un\u2019idea che scaturisce dalla grande passione per il ciclismo che ha sempre accompagnato la vita di Valerio Tebaldi fin dalla pi\u00f9 giovane et\u00e0. La<\/p>\n","protected":false},"author":10,"featured_media":0,"parent":0,"menu_order":0,"comment_status":"closed","ping_status":"closed","template":"","meta":{"footnotes":""},"class_list":["post-20","page","type-page","status-publish","hentry"],"yoast_head":"<!-- This site is optimized with the Yoast SEO plugin v25.9 - https:\/\/yoast.com\/wordpress\/plugins\/seo\/ -->\n<title>Chi siamo - TEAM TEX<\/title>\n<meta name=\"robots\" content=\"index, follow, max-snippet:-1, max-image-preview:large, max-video-preview:-1\" \/>\n<link rel=\"canonical\" href=\"https:\/\/teamtex.it\/cms\/chi-siamo\/\" \/>\n<meta property=\"og:locale\" content=\"it_IT\" \/>\n<meta property=\"og:type\" content=\"article\" \/>\n<meta property=\"og:title\" content=\"Chi siamo - TEAM TEX\" \/>\n<meta property=\"og:description\" content=\"Il Team Tex nasce semplicemente da un\u2019idea che scaturisce dalla grande passione per il ciclismo che ha sempre accompagnato la vita di Valerio Tebaldi fin dalla pi\u00f9 giovane et\u00e0. La\" \/>\n<meta property=\"og:url\" content=\"https:\/\/teamtex.it\/cms\/chi-siamo\/\" \/>\n<meta property=\"og:site_name\" content=\"TEAM TEX\" \/>\n<meta property=\"article:publisher\" content=\"https:\/\/www.facebook.com\/teamTEX.ASD\/\" \/>\n<meta property=\"article:modified_time\" content=\"2021-01-23T10:43:15+00:00\" \/>\n<meta property=\"og:image\" content=\"https:\/\/teamtex.it\/cms\/wp-content\/uploads\/2020\/05\/TeamTEX_01ALTO_2020-05.jpg\" \/>\n<meta name=\"twitter:label1\" content=\"Tempo di lettura stimato\" \/>\n\t<meta name=\"twitter:data1\" content=\"2 minuti\" \/>\n<script type=\"application\/ld+json\" class=\"yoast-schema-graph\">{\"@context\":\"https:\/\/schema.org\",\"@graph\":[{\"@type\":\"WebPage\",\"@id\":\"https:\/\/teamtex.it\/cms\/chi-siamo\/\",\"url\":\"https:\/\/teamtex.it\/cms\/chi-siamo\/\",\"name\":\"Chi siamo - TEAM TEX\",\"isPartOf\":{\"@id\":\"https:\/\/teamtex.it\/cms\/#website\"},\"primaryImageOfPage\":{\"@id\":\"https:\/\/teamtex.it\/cms\/chi-siamo\/#primaryimage\"},\"image\":{\"@id\":\"https:\/\/teamtex.it\/cms\/chi-siamo\/#primaryimage\"},\"thumbnailUrl\":\"https:\/\/teamtex.it\/cms\/wp-content\/uploads\/2020\/05\/TeamTEX_01ALTO_2020-05.jpg\",\"datePublished\":\"2013-07-29T14:23:50+00:00\",\"dateModified\":\"2021-01-23T10:43:15+00:00\",\"breadcrumb\":{\"@id\":\"https:\/\/teamtex.it\/cms\/chi-siamo\/#breadcrumb\"},\"inLanguage\":\"it-IT\",\"potentialAction\":[{\"@type\":\"ReadAction\",\"target\":[\"https:\/\/teamtex.it\/cms\/chi-siamo\/\"]}]},{\"@type\":\"ImageObject\",\"inLanguage\":\"it-IT\",\"@id\":\"https:\/\/teamtex.it\/cms\/chi-siamo\/#primaryimage\",\"url\":\"https:\/\/teamtex.it\/cms\/wp-content\/uploads\/2020\/05\/TeamTEX_01ALTO_2020-05.jpg\",\"contentUrl\":\"https:\/\/teamtex.it\/cms\/wp-content\/uploads\/2020\/05\/TeamTEX_01ALTO_2020-05.jpg\",\"width\":1000,\"height\":701},{\"@type\":\"BreadcrumbList\",\"@id\":\"https:\/\/teamtex.it\/cms\/chi-siamo\/#breadcrumb\",\"itemListElement\":[{\"@type\":\"ListItem\",\"position\":1,\"name\":\"Home\",\"item\":\"https:\/\/teamtex.it\/cms\/\"},{\"@type\":\"ListItem\",\"position\":2,\"name\":\"Chi siamo\"}]},{\"@type\":\"WebSite\",\"@id\":\"https:\/\/teamtex.it\/cms\/#website\",\"url\":\"https:\/\/teamtex.it\/cms\/\",\"name\":\"TEAM TEX\",\"description\":\"A.S.D. TEAM TEX\",\"potentialAction\":[{\"@type\":\"SearchAction\",\"target\":{\"@type\":\"EntryPoint\",\"urlTemplate\":\"https:\/\/teamtex.it\/cms\/?s={search_term_string}\"},\"query-input\":{\"@type\":\"PropertyValueSpecification\",\"valueRequired\":true,\"valueName\":\"search_term_string\"}}],\"inLanguage\":\"it-IT\"}]}<\/script>\n<!-- \/ Yoast SEO plugin. -->","yoast_head_json":{"title":"Chi siamo - TEAM TEX","robots":{"index":"index","follow":"follow","max-snippet":"max-snippet:-1","max-image-preview":"max-image-preview:large","max-video-preview":"max-video-preview:-1"},"canonical":"https:\/\/teamtex.it\/cms\/chi-siamo\/","og_locale":"it_IT","og_type":"article","og_title":"Chi siamo - TEAM TEX","og_description":"Il Team Tex nasce semplicemente da un\u2019idea che scaturisce dalla grande passione per il ciclismo che ha sempre accompagnato la vita di Valerio Tebaldi fin dalla pi\u00f9 giovane et\u00e0. La","og_url":"https:\/\/teamtex.it\/cms\/chi-siamo\/","og_site_name":"TEAM TEX","article_publisher":"https:\/\/www.facebook.com\/teamTEX.ASD\/","article_modified_time":"2021-01-23T10:43:15+00:00","og_image":[{"url":"https:\/\/teamtex.it\/cms\/wp-content\/uploads\/2020\/05\/TeamTEX_01ALTO_2020-05.jpg","type":"","width":"","height":""}],"twitter_misc":{"Tempo di lettura stimato":"2 minuti"},"schema":{"@context":"https:\/\/schema.org","@graph":[{"@type":"WebPage","@id":"https:\/\/teamtex.it\/cms\/chi-siamo\/","url":"https:\/\/teamtex.it\/cms\/chi-siamo\/","name":"Chi siamo - TEAM TEX","isPartOf":{"@id":"https:\/\/teamtex.it\/cms\/#website"},"primaryImageOfPage":{"@id":"https:\/\/teamtex.it\/cms\/chi-siamo\/#primaryimage"},"image":{"@id":"https:\/\/teamtex.it\/cms\/chi-siamo\/#primaryimage"},"thumbnailUrl":"https:\/\/teamtex.it\/cms\/wp-content\/uploads\/2020\/05\/TeamTEX_01ALTO_2020-05.jpg","datePublished":"2013-07-29T14:23:50+00:00","dateModified":"2021-01-23T10:43:15+00:00","breadcrumb":{"@id":"https:\/\/teamtex.it\/cms\/chi-siamo\/#breadcrumb"},"inLanguage":"it-IT","potentialAction":[{"@type":"ReadAction","target":["https:\/\/teamtex.it\/cms\/chi-siamo\/"]}]},{"@type":"ImageObject","inLanguage":"it-IT","@id":"https:\/\/teamtex.it\/cms\/chi-siamo\/#primaryimage","url":"https:\/\/teamtex.it\/cms\/wp-content\/uploads\/2020\/05\/TeamTEX_01ALTO_2020-05.jpg","contentUrl":"https:\/\/teamtex.it\/cms\/wp-content\/uploads\/2020\/05\/TeamTEX_01ALTO_2020-05.jpg","width":1000,"height":701},{"@type":"BreadcrumbList","@id":"https:\/\/teamtex.it\/cms\/chi-siamo\/#breadcrumb","itemListElement":[{"@type":"ListItem","position":1,"name":"Home","item":"https:\/\/teamtex.it\/cms\/"},{"@type":"ListItem","position":2,"name":"Chi siamo"}]},{"@type":"WebSite","@id":"https:\/\/teamtex.it\/cms\/#website","url":"https:\/\/teamtex.it\/cms\/","name":"TEAM TEX","description":"A.S.D. TEAM TEX","potentialAction":[{"@type":"SearchAction","target":{"@type":"EntryPoint","urlTemplate":"https:\/\/teamtex.it\/cms\/?s={search_term_string}"},"query-input":{"@type":"PropertyValueSpecification","valueRequired":true,"valueName":"search_term_string"}}],"inLanguage":"it-IT"}]}},"_links":{"self":[{"href":"https:\/\/teamtex.it\/cms\/wp-json\/wp\/v2\/pages\/20","targetHints":{"allow":["GET"]}}],"collection":[{"href":"https:\/\/teamtex.it\/cms\/wp-json\/wp\/v2\/pages"}],"about":[{"href":"https:\/\/teamtex.it\/cms\/wp-json\/wp\/v2\/types\/page"}],"author":[{"embeddable":true,"href":"https:\/\/teamtex.it\/cms\/wp-json\/wp\/v2\/users\/10"}],"replies":[{"embeddable":true,"href":"https:\/\/teamtex.it\/cms\/wp-json\/wp\/v2\/comments?post=20"}],"version-history":[{"count":0,"href":"https:\/\/teamtex.it\/cms\/wp-json\/wp\/v2\/pages\/20\/revisions"}],"wp:attachment":[{"href":"https:\/\/teamtex.it\/cms\/wp-json\/wp\/v2\/media?parent=20"}],"curies":[{"name":"wp","href":"https:\/\/api.w.org\/{rel}","templated":true}]}}

<p><a href="https://teamtex.it/cms/wp-content/uploads/2020/05/TeamTEX_01ALTO_2020-05.jpg"><img loading="lazy" decoding="async" class="alignnone size-full wp-image-2422" src="https://teamtex.it/cms/wp-content/uploads/2020/05/TeamTEX_01ALTO_2020-05.jpg" alt="" width="1000" height="701" srcset="https://teamtex.it/cms/wp-content/uploads/2020/05/TeamTEX_01ALTO_2020-05.jpg 1000w, https://teamtex.it/cms/wp-content/uploads/2020/05/TeamTEX_01ALTO_2020-05-300x210.jpg 300w, https://teamtex.it/cms/wp-content/uploads/2020/05/TeamTEX_01ALTO_2020-05-768x538.jpg 768w" sizes="auto, (max-width: 1000px) 100vw, 1000px" /></a></p>
<p>Il <strong>Team Tex</strong> nasce semplicemente da un’idea che scaturisce dalla grande passione per il ciclismo che ha sempre accompagnato la vita di Valerio Tebaldi fin dalla più giovane età. La squadra nasce nel Marzo 2006, ed è subito affiliata alla Federazione per avere una base solida su cui costruire in un possibile futuro qualcosa di più importante.</p>
<p>Perché il nome “Tex” ?</p>
<p>Come si può facilmente intuire non è altro che il “nome da battaglia” del proprio presidente: il primo che gli attribuì spontaneamente questo soprannome fu Gianluigi Stanga, ai tempi d.s. della Chateau d&#8217;Ax, il giorno dopo la fantastica vittoria della settima tappa del Tour de France del 1988 che partiva da Wasquehal con l’arrivo a Reims. Nomignolo dapprima usato dal massaggiatore sulle divise, comodo per la sua brevità, e immediatamente diffuso grazie ai giornalisti e la stampa. Da quei giorni Valerio è conosciuto a tutti anche come “Tex”.</p>
<p>L&#8217;ASD Team Tex nel corso degli anni, da piccolo gruppo di appassionati di ciclismo, si è consolidato in un vero e proprio team di cicloamatori, con atleti che partecipano alle manifestazioni ciclistiche di rilievo nazionale ed internazionali, quali le Gran Fondo in bici da corsa come la &#8220;Felice Gimondi&#8221;, &#8220;La Nove Colli&#8221; o &#8220;La Charly Gaul&#8221;, ma anche in &#8220;Mountain-Bike&#8221; partecipando alla “HERO SELLARONDA” e alla “Gran Fondo Dolomiti Superbike”.</p>
<p>Nel 2019  i nostri “ultracycler” <i class="last-child first-child">Pellegrino Michele e Cattaneo Oliviero</i>, hanno pedalato il 17/2 a Bergamo alla “Coglia Coglia Coglia” per 200 km, poi a Verona il 14/04 nella 400 km “Valsugana” e il 26/04 nella 600 Km “Dolimiti” ottenendo il brevetto per il grande appuntamento stagionale di agosto dal 18 al 22 la  regina delle manifestazioni RANDONEE, la mitica Parigi-Brest-Parigi per un totale di 1200 Km.</p>
<p>L&#8217;ASD Team TEX da anni è attiva non solo dal lato agonistico, ma anche dal lato organizzativo, collaborando con gli Amici del pedale Polisportiva Predore, la Polisportiva Bolgare e la Polisportiva Telgate, per le manifestazioni ciclistiche da loro organizzate sul territorio.</p>

<p>Il Team Tex nasce semplicemente da un’idea che scaturisce dalla grande passione per il ciclismo che ha sempre accompagnato la vita di Valerio Tebaldi fin dalla più giovane età. La</p>

<!-- This site is optimized with the Yoast SEO plugin v25.9 - https://yoast.com/wordpress/plugins/seo/ -->
<title>Chi siamo - TEAM TEX</title>
<meta name="robots" content="index, follow, max-snippet:-1, max-image-preview:large, max-video-preview:-1" />
<link rel="canonical" href="https://teamtex.it/cms/chi-siamo/" />
<meta property="og:locale" content="it_IT" />
<meta property="og:type" content="article" />
<meta property="og:title" content="Chi siamo - TEAM TEX" />
<meta property="og:description" content="Il Team Tex nasce semplicemente da un’idea che scaturisce dalla grande passione per il ciclismo che ha sempre accompagnato la vita di Valerio Tebaldi fin dalla più giovane età. La" />
<meta property="og:url" content="https://teamtex.it/cms/chi-siamo/" />
<meta property="og:site_name" content="TEAM TEX" />
<meta property="article:publisher" content="https://www.facebook.com/teamTEX.ASD/" />
<meta property="article:modified_time" content="2021-01-23T10:43:15+00:00" />
<meta property="og:image" content="https://teamtex.it/cms/wp-content/uploads/2020/05/TeamTEX_01ALTO_2020-05.jpg" />
<meta name="twitter:label1" content="Tempo di lettura stimato" />
	<meta name="twitter:data1" content="2 minuti" />
<script type="application/ld+json" class="yoast-schema-graph">{"@context":"https://schema.org","@graph":[{"@type":"WebPage","@id":"https://teamtex.it/cms/chi-siamo/","url":"https://teamtex.it/cms/chi-siamo/","name":"Chi siamo - TEAM TEX","isPartOf":{"@id":"https://teamtex.it/cms/#website"},"primaryImageOfPage":{"@id":"https://teamtex.it/cms/chi-siamo/#primaryimage"},"image":{"@id":"https://teamtex.it/cms/chi-siamo/#primaryimage"},"thumbnailUrl":"https://teamtex.it/cms/wp-content/uploads/2020/05/TeamTEX_01ALTO_2020-05.jpg","datePublished":"2013-07-29T14:23:50+00:00","dateModified":"2021-01-23T10:43:15+00:00","breadcrumb":{"@id":"https://teamtex.it/cms/chi-siamo/#breadcrumb"},"inLanguage":"it-IT","potentialAction":[{"@type":"ReadAction","target":["https://teamtex.it/cms/chi-siamo/"]}]},{"@type":"ImageObject","inLanguage":"it-IT","@id":"https://teamtex.it/cms/chi-siamo/#primaryimage","url":"https://teamtex.it/cms/wp-content/uploads/2020/05/TeamTEX_01ALTO_2020-05.jpg","contentUrl":"https://teamtex.it/cms/wp-content/uploads/2020/05/TeamTEX_01ALTO_2020-05.jpg","width":1000,"height":701},{"@type":"BreadcrumbList","@id":"https://teamtex.it/cms/chi-siamo/#breadcrumb","itemListElement":[{"@type":"ListItem","position":1,"name":"Home","item":"https://teamtex.it/cms/"},{"@type":"ListItem","position":2,"name":"Chi siamo"}]},{"@type":"WebSite","@id":"https://teamtex.it/cms/#website","url":"https://teamtex.it/cms/","name":"TEAM TEX","description":"A.S.D. TEAM TEX","potentialAction":[{"@type":"SearchAction","target":{"@type":"EntryPoint","urlTemplate":"https://teamtex.it/cms/?s={search_term_string}"},"query-input":{"@type":"PropertyValueSpecification","valueRequired":true,"valueName":"search_term_string"}}],"inLanguage":"it-IT"}]}</script>
<!-- / Yoast SEO plugin. -->

Il Team Tex nasce semplicemente da un’idea che scaturisce dalla grande passione per il ciclismo che ha sempre accompagnato la vita di Valerio Tebaldi fin dalla più giovane età. La
